 prime number?
True
Is 128585 a prime number?
False
Is 24121 a composite number?
False
Is 163973 a composite number?
False
Is 2209799 a composite number?
True
Is 140969 a composite number?
True
Is 35513 prime?
False
Is 293983 a prime number?
True
Is 6299 prime?
True
Is 36037 composite?
False
Is 7477 prime?
True
Is 983 a composite number?
False
Is 243365 a composite number?
True
Is 60271 a composite number?
False
Is 3342239 a composite number?
False
Is 31847 a prime number?
True
Is 123361 prime?
False
Is 1626005 prime?
False
Is 402001 prime?
False
Is 419 a prime number?
True
Is 997 composite?
False
Is 1024817 prime?
False
Is 154783 composite?
True
Is 61139 a composite number?
True
Is 1637 a composite number?
False
Is 1217 prime?
True
Is 104987 composite?
False
Is 4113695 prime?
False
Is 21353 composite?
True
Is 3872887 a prime number?
True
Is 151843 a composite number?
True
Is 94771 a composite number?
False
Is 94283 prime?
False
Is 9647 composite?
True
Is 43591 composite?
False
Is 265233 composite?
True
Is 3221 composite?
False
Is 31553 composite?
True
Is 14401 a prime number?
True
Is 1116263 prime?
False
Is 20609 a composite number?
True
Is 14485 prime?
False
Is 963001 a composite number?
True
Is 9781 a composite number?
False
Is 11819 prime?
False
Is 89143 a composite number?
True
Is 2449 prime?
False
Is 6031 prime?
False
Is 48883 prime?
True
Is 193121 a composite number?
True
Is 49163 a prime number?
False
Is 22735 a composite number?
True
Is 1420717 a composite number?
False
Is 2819 composite?
False
Is 66797 a composite number?
False
Is 65921 prime?
True
Is 6947 prime?
True
Is 122431 prime?
False
Is 21295 prime?
False
Is 16255 a composite number?
True
Is 146911 a composite number?
True
Is 9235 composite?
True
Is 971 prime?
True
Is 366958 composite?
True
Is 36073 composite?
False
Is 1207489 composite?
False
Is 54037 a composite number?
False
Is 230443 prime?
False
Is 5399 a composite number?
False
Is 671819 prime?
False
Is 4327 prime?
True
Is 148507 prime?
False
Is 222085 prime?
False
Is 35069 a prime number?
True
Is 3251 a prime number?
True
Is 12889 a prime number?
True
Is 23379 a composite number?
True
Is 35299 composite?
True
Is 300187 prime?
True
Is 1577 a prime number?
False
Is 400903 a composite number?
False
Is 391217 a prime number?
True
Is 100237 a prime number?
True
Is 6803 a composite number?
False
Is 270778 prime?
False
Is 240371 prime?
True
Is 61121 a composite number?
False
Is 982559 prime?
True
Is 1417 prime?
False
Is 1643959 a composite number?
False
Is 238897 a prime number?
True
Is 188273 a prime number?
True
Is 370501 a prime number?
False
Is 58937 composite?
False
Is 106885 a composite number?
True
Is 19945 a prime number?
False
Is 27439 prime?
False
Is 1283033 prime?
False
Is 14761 prime?
False
Is 223823 a composite number?
False
Is 35177 prime?
False
Is 41269 composite?
False
Is 110477 a prime number?
True
Is 345298 composite?
True
Is 38039 prime?
True
Is 396679 prime?
True
Is 76899 a composite number?
True
Is 83203 a prime number?
True
Is 27997 prime?
True
Is 17023 a composite number?
True
Is 912473 a prime number?
False
Is 204251 a prime number?
True
Is 4045 a prime number?
False
Is 211619 composite?
False
Is 4471 prime?
False
Is 3163 a prime number?
True
Is 22987 a composite number?
True
Is 14263 prime?
False
Is 172847 a composite number?
True
Is 59509 a composite number?
False
Is 145531 a prime number?
True
Is 88391 a prime number?
False
Is 1573003 composite?
True
Is 18433 composite?
False
Is 37717 a prime number?
True
Is 6997 a prime number?
True
Is 37891 prime?
False
Is 31523 a composite number?
True
Is 965729 composite?
True
Is 28459 composite?
True
Is 24943 a prime number?
True
Is 2279179 a prime number?
False
Is 25219 composite?
False
Is 146 composite?
True
Is 54478 a composite number?
True
Is 2041 a composite number?
True
Is 818 a prime number?
False
Is 323413 a composite number?
False
Is 2086913 a prime number?
False
Is 618446 a composite number?
True
Is 1771481 composite?
False
Is 713611 a composite number?
False
Is 52795 prime?
False
Is 36991 a prime number?
False
Is 46533 composite?
True
Is 5545 a composite number?
True
Is 5245 a composite number?
True
Is 1274899 prime?
True
Is 818 a composite number?
True
Is 221 composite?
True
Is 6973 composite?
True
Is 263323 composite?
False
Is 51703 prime?
False
Is 29649 prime?
False
Is 2342633 composite?
False
Is 2939 a composite number?
False
Is 275801 a prime number?
False
Is 40097 prime?
False
Is 8873 composite?
True
Is 582055 composite?
True
Is 363331 prime?
False
Is 86883 a prime number?
False
Is 6805 composite?
True
Is 189194 a composite number?
True
Is 320533 a composite number?
False
Is 524743 a composite number?
False
Is 419 a composite number?
False
Is 341371 a composite number?
True
Is 2621779 composite?
False
Is 32663 a prime number?
False
Is 42487 a prime number?
True
Is 33382 a composite number?
True
Is 21445 a composite number?
True
Is 184741 prime?
False
Is 139397 prime?
True
Is 78277 a prime number?
True
Is 3498191 composite?
False
Is 10078 a prime number?
False
Is 11957 prime?
False
Is 20851 a prime number?
False
Is 884363 a prime number?
True
Is 9299 a composite number?
True
Is 569171 a composite number?
True
Is 94321 composite?
False
Is 401891 composite?
True
Is 108331 a composite number?
True
Is 90281 prime?
True
Is 6997 a prime number?
True
Is 17773 composite?
True
Is 13963 a composite number?
False
Is 12953 a prime number?
True
Is 1987711 prime?
False
Is 16333 composite?
False
Is 100159 a composite number?
True
Is 2407 a prime number?
False
Is 168851 prime?
True
Is 826271 a composite number?
False
Is 619241 prime?
False
Is 1411 a prime number?
False
Is 378421 composite?
True
Is 13327 prime?
True
Is 2623601 composite?
True
Is 45455 composite?
True
Is 1292477 prime?
True
Is 22481 composite?
False
Is 42337 a prime number?
True
Is 1038563 a prime number?
True
Is 59821 prime?
False
Is 4317 a composite number?
True
Is 803153 a prime number?
False
Is 22757 a composite number?
True
Is 9809 a composite number?
True
Is 3446593 prime?
False
Is 132817 a prime number?
True
Is 141001 a composite number?
True
Is 5609 composite?
True
Is 20849 a prime number?
True
Is 2183 a composite number?
True
Is 346903 a composite number?
False
Is 771391 a composite number?
True
Is 6005 prime?
False
Is 27533 a prime number?
False
Is 40609 a composite number?
False
Is 563597 a prime number?
False
Is 13259 a prime number?
True
Is 6323 a prime number?
True
Is 44729 prime?
True
Is 88547 a composite number?
False
Is 6449 a prime number?
True
Is 190481 a prime number?
False
Is 2722 prime?
False
Is 968515 a prime number?
False
Is 114305 a prime number?
False
Is 113281 a prime number?
False
Is 80747 prime?
True
Is 10321 a prime number?
True
Is 141587 prime?
True
Is 1069 a prime number?
True
Is 496735 composite?
True
Is 33897 prime?
False
Is 206474 a composite number?
True
Is 730999 a prime number?
True
Is 1155527 a composite number?
False
Is 250329 prime?
False
Is 3365671 a composite number?
False
Is 166147 prime?
True
Is 109037 composite?
False
Is 320209 a prime number?
True
Is 118603 composite?
False
Is 2177 a composite number?
True
Is 164699 composite?
True
Is 313507 a prime number?
True
Is 164258 a prime number?
False
Is 44003 prime?
False
Is 28051 prime?
True
Is 4006445 a composite number?
True
Is 13682 composite?
True
Is 2566651 composite?
False
Is 53221 a prime number?
False
Is 447547 prime?
False
Is 55787 a composite number?
False
Is 134167 composite?
True
Is 3841 composite?
True
Is 136787 a composite number?
True
Is 92369 composite?
False
Is 440845 composite?
True
Is 42491 a composite number?
False
Is 66683 a prime number?
True
Is 15073 prime?
True
Is 1404709 a prime number?
True
Is 89161 prime?
False
Is 3761 composite?
False
Is 539717 a prime number?
False
Is 348779 a composite number?
False
Is 205357 a prime number?
True
Is 223653 prime?
False
Is 708413 prime?
False
Is 7817 a composite number?
False
Is 532849 a prime number?
True
Is 13499 a composite number?
False
Is 33679 prime?
True
Is 19407 a composite number?
True
Is 2531 a prime number?
True
Is 5583 a prime number?
False
Is 320923 composite?
False
Is 18857 a composite number?
True
Is 769013 a composite number